
2, 23
Suppose 14*o = 3*o + 275. Let y be -1*17/(-3)*-3. Let j = o + y. What are the prime factors of j?
2
Let x(t) be the third derivative of t**4 - 11*t**3/6 - t**2. List the prime factors of x(4).
5, 17
Let v(a) = a**3 - 6*a**2 + 13*a - 10. Suppose 5*m - 25 = -5*q, 3*q + 2*m - 34 = -2*q. Let x be v(q). Suppose 7*y - x = y. List the prime factors of y.
37
Let d be 33/4*(-112)/(-6). Suppose -38 - d = 3*c. Let h = 110 + c. What are the prime factors of h?
2, 23
Let x be (2 - (0 + 20/8))*-4. List the prime factors of (0 - -2)/((x - -5)/959).
2, 137
Let l(p) = p**3 - 1. Let v(h) = -4*h**3 + 2*h**2 + 2. Let y(s) = 3*l(s) + v(s). Let d be y(-1). Suppose 22 = d*f - 12. What are the prime factors of f?
17
Suppose 0 = -c - 5, c + 10 = -l - 4. What are the prime factors of (-281)/l + (-12)/54?
31
Let g(x) = 2*x**2 + 9*x - 10. Let k be g(-10). List the prime factors of k/4 - (1 + -3).
3
Suppose -4*a - 4*t + 2316 = 0, -5*t = -26 + 1. List the prime factors of a.
2, 7, 41
Suppose o + z = -14, -3*o + z - 17 = -z. What are the prime factors of (108 - 1) + (-27)/o?
2, 5, 11
Suppose 0 = -7*y + 210 + 231. Let i = y + -34. What are the prime factors of i?
29
Let y(v) = -19*v**3 + 3*v**2 + 2*v + 5. List the prime factors of y(-3).
7, 11
Let r(b) = 704*b**3 - 14*b + 12. List the prime factors of r(1).
2, 3, 13
Let w(d) = -5*d + 32. Let g be w(6). Suppose -2*t + 10 = -3*a, 0*t + g = 5*t + 4*a. What are the prime factors of t?
2
Let q(h) = -5*h + 1. Let l(c) = -9*c + 1. Let s(v) = -4*l(v) + 7*q(v). Let m = -187 + 193. List the prime factors of s(m).
3
Let d(q) = -2*q**2 - 17*q - 6. Let x be d(-8). Suppose 3*t - 69 - 32 = -2*o, x*t - 54 = 2*o. What are the prime factors of t?
31
Suppose -20 + 68 = 4*l. Let g(c) = -c**3 + 13*c**2 - 11*c - 7. Let q be g(l). Suppose -18 = -5*f - 3*h, h = -q*f + 4*f + 2. What are the prime factors of f?
2, 3
Let v = 3179 + -1943. What are the prime factors of v?
2, 3, 103
Suppose -17*z + 1184 = -4273. List the prime factors of z.
3, 107
Suppose 329*x - 33300 = 311*x. What are the prime factors of x?
2, 5, 37
What are the prime factors of ((-9824)/8)/(16/(-8))?
2, 307
Suppose 2*l = -5*i + 4626, -5*i + 4*i = 4*l - 918. List the prime factors of i.
2, 463
Let q = 26 + 68. Suppose 74 = 2*j + 2*j - 3*l, 5*j - 3*l = q. List the prime factors of j.
2, 5
Let h(s) be the third derivative of s**6/120 - s**5/20 + s**4/8 - s**3/6 + 5*s**2. Let k be h(2). Suppose 0 = 3*x - 56 - k. What are the prime factors of x?
19
What are the prime factors of (-4)/6 - 5*133/(-21)?
31
Suppose 434 = -16*a - 238. What are the prime factors of 6*(12/a + (-39)/(-14))?
3, 5
Suppose -2*s + 4*b = -3672, 2*b + 5524 = -9*s + 12*s. List the prime factors of s.
2, 461
Let l(c) be the first derivative of 9*c**2 + 10*c - 31. What are the prime factors of l(5)?
2, 5
What are the prime factors of 6147/(-2)*(-18)/27?
3, 683
Let n = -1284 + 1812. List the prime factors of n.
2, 3, 11
Suppose 3*p - 3 = -0, 3*j + 2*p = 1394. List the prime factors of j.
2, 29
Suppose 4*j - 3*j = 5. Let b(x) = x**3 - 4*x**2 - 6*x + 6. Let q be b(j). List the prime factors of 1 - q - (-2 - 2).
2
Let x(w) = -w**3 + 8*w**2 - 14*w - 4. Let n be x(5). What are the prime factors of ((-362)/(-8))/(n + (-3)/4)?
181
Let c be (-12)/1 - -3*1. Let h = c + 5. Let b = h - -12. What are the prime factors of b?
2
Suppose 2*k + 2*k - 3*v = -15, 2*v = -5*k + 10. Let h be (-13)/(65/(-10)) + 2. Suppose k = -h*m + 254 - 74. List the prime factors of m.
3, 5
Suppose -8 = -a + 2*a + l, -3*l - 9 = 0. List the prime factors of a/(-10) - (-470)/4.
2, 59
Let h = 29 + -19. Let u = -13 + h. Let j(t) = t**2 + 2*t + 3. List the prime factors of j(u).
2, 3
Suppose -2*m + 5*r = m - 1115, -1091 = -3*m - r. Suppose 0 = -i - 2*i + 4*f + m, 2*f + 4 = 0. What are the prime factors of i?
7, 17
Let q be (-862)/(3*-2 - -4). Suppose 4*x - 269 = q. What are the prime factors of x?
5, 7
Let n be 2/4 + (-353)/(-2). Let k = n + -124. What are the prime factors of k?
53
Let u be (-3 - -3)*(3 + (-2)/1). List the prime factors of 10/(-2) + 183 + u.
2, 89
Suppose -5*v - 7*v - 72 = 0. List the prime factors of 2/v + 8729/87.
2, 5
Suppose 4*x - 14 = -c, -1 + 0 = -x + c. Suppose 0 = x*m - 149 - 34. List the prime factors of m.
61
Let o be (-5)/(10/(-8))*1. Let l be (-3)/(-9)*0 + 28. Suppose o*c = 6*c - l. What are the prime factors of c?
2, 7
Suppose 446 = n - 4*p, -2*p = 5*n + 3*p - 2105. Suppose -4 = -5*o + n. What are the prime factors of o?
2, 43
Suppose -35*t - 1830 = -37*t - 4*y, -y + 2740 = 3*t. What are the prime factors of t?
11, 83
Let v(m) be the second derivative of -m**5/20 + m**4/12 + 5*m**2/2 + 25*m. List the prime factors of v(-5).
5, 31
Let i = 38 - 31. Suppose -u - 5*o = -77, -3*u = -i*u + 5*o + 183. List the prime factors of u.
2, 13
Suppose -7*j + 2*j - 3*v + 8310 = 0, -4*j - 3*v = -6648. What are the prime factors of j?
2, 3, 277
Let s = -5 - -11. Let u(o) = o - 7. Let g be u(s). List the prime factors of (g/(-2))/((-2)/(-48)).
2, 3
What are the prime factors of 40/680 + 81664/68?
1201
Let f(i) = -i**3 + 7*i**2 + 2. Let h be f(7). Suppose 10 = h*w + 2. List the prime factors of 62*(0 - (-2)/w).
31
Suppose 5*p + 4*o - 41 = 2*p, 5*p - 61 = -3*o. Let w = -8 + p. List the prime factors of 4/(-1) + w + 31.
2, 3, 5
Let z = -40 - -62. Let u = z - 19. Suppose 151 = 5*q - 3*d + 26, -u*q + 2*d = -76. List the prime factors of q.
2, 11
Suppose 0 = 4*n + 128 - 248. Suppose -j - 8 = 12. Let d = n + j. List the prime factors of d.
2, 5
Let d(b) = -b + 8. Suppose -2*g + 12 = 2*g. Let h be d(g). Suppose 60 = 5*x - 2*r, -5*x - h*r + 95 = -0*x. List the prime factors of x.
2, 7
Let n(m) = 16*m + 1. Let z(k) = -k. Let j(o) = n(o) + z(o). Let b be j(-2). Let w = -11 - b. What are the prime factors of w?
2, 3
Let s(m) = m**2 + 6*m + 5. Suppose -4*b - 56 = 3*b. Let p be s(b). Suppose 3*c = -w + 139, -52 = -c + 5*w + p. List the prime factors of c.
2, 3
Let s(j) = -34*j - 84. List the prime factors of s(-28).
2, 7, 31
Suppose -2*k - a - 36 = -4*k, 0 = 3*a. Suppose -4*h + 4*f = -18 - k, 15 = -5*f. Let v = h + 6. List the prime factors of v.
2, 3
Let s be (-550)/(-8) + (-4 - 65/(-20)). Let b = s - 46. What are the prime factors of b?
2, 11
Suppose 946 = 5*i - 3939. List the prime factors of i.
977
Let f = 108 - 24. Let d = f - 29. What are the prime factors of d?
5, 11
Suppose 8676 = -309*h + 318*h. What are the prime factors of h?
2, 241
Suppose 666*z - 659*z - 84 = 0. What are the prime factors of z?
2, 3
Suppose 613*g + 116352 = 637*g. List the prime factors of g.
2, 3, 101
Let o be 1*12 - (4 - 1). Suppose -u - 5*x + 18 = 0, 2*x + x - o = 0. Suppose -2*r = -4*r - u*w + 43, 4*r - 2*w = 78. List the prime factors of r.
2, 5
Let y = 65 + -61. Suppose 2*n = -5*g - 3*n + 375, y*n - 226 = -3*g. What are the prime factors of g?
2, 37
Let u(h) = -331*h**3 - 3*h**2 + 2. Let r be u(-1). Suppose -6*b + 942 = r. What are the prime factors of b?
2, 3, 17
Let a(y) = 40*y**2 + 55*y + 20. List the prime factors of a(-6).
2, 5, 113
Let i be (2/6)/(9/189). Let n(x) = x**2 + 3*x + 2. Let j be n(i). Suppose y = 4*y - j. List the prime factors of y.
2, 3
Suppose -2*a - 3*r + r = -3572, 0 = -3*r - 9. List the prime factors of a.
1789
Let d(x) be the third derivative of -5*x**4/6 + x**3/6 - 8*x**2. Let i(z) = -80*z + 4. Let p(v) = -18*d(v) + 4*i(v). What are the prime factors of p(1)?
2, 19
Let v(s) = s**2 + 6*s. Let u be v(-6). Suppose u = -3*y + 5*y - 180. What are the prime factors of y?
2, 3, 5
Let c = -8 + 8. Let s(y) = 7*y + 86. List the prime factors of s(c).
2, 43
Let x(k) = -4*k**2 - 4*k + 3*k**2 + 5 - 7*k. Let w be x(-11). Suppose -44 = 3*u - w*u. What are the prime factors of u?
2, 11
Suppose -3*p + 0*p = -33. Let y(u) = 11 - 20 + p*u - 3*u**2 + 3 + u**3. List the prime factors of y(4).
2, 3
Let y(b) = -b**2 + 6*b - 3. Let p be y(5). Suppose 0 = 2*s - 3*w - 15, -s - 4*s + 4*w = -20. Suppose s = p*n - 25 - 17. List the prime factors of n.
3, 7
Let n(g) = 3*g**2 + 6 + g**2 + 6 - 3*g**2 - 3*g. List the prime factors of n(-9).
2, 3, 5
Suppose 3*r - 7828 = -8*w + 3*w, -3*w - 4*r = -4699. List the prime factors of w.
5, 313
Suppose h - 21 = -5*b - 129, -5*h = -2*b + 459. Let z = -107 - -264. Let d = h + z. What are the prime factors of d?
2
Let u = 10 + 2. What are